{"id":3763,"date":"2016-04-22T20:00:27","date_gmt":"2016-04-22T18:00:27","guid":{"rendered":"http:\/\/marianetxebeste.com\/fotografo\/infantil\/"},"modified":"2021-11-07T14:48:36","modified_gmt":"2021-11-07T13:48:36","slug":"haurrak","status":"publish","type":"fw-portfolio","link":"https:\/\/marianetxebeste.com\/eu\/fotografo\/haurrak\/","title":{"rendered":"Haurrak"},"content":{"rendered":"<h2>Haurren erreportaiak Donostian<\/h2>\n<p>Edozein momento da aproposa umeei argazkiak egiteko. Erreportai hauek ere kanpoan egiten ditut. Egunean zehar argitasuna aldatzen doa, horregatik erreportaia goizean edo ilunabarrean egingo dugun aukeratu behar da zuen gustokoa izateko. Txikiak kalean aske sentitzen dira eta askoz ere expresiboagoak dira, gainera kaleak txoko gehiago&nbsp; eskeintzen dizkigu. Erreportaia egiten dugun bitartean txikiei erropa behin aldatzea komenigarria izaten da.<\/p>\n<p class=\"boton-nuevo\"><a class=\"fw-btn  fw-btn-md  fw-btn-1\" href=\"https:\/\/marianetxebeste.com\/eu\/argazkilaritza-prezioak-donostia\/\" target=\"_blank\" rel=\"noopener noreferrer\">prezioen atala ikusi <\/a><\/p>\n","protected":false},"excerpt":{"rendered":"<p>Haurren erreportaiak Donostian Edozein momento da aproposa umeei argazkiak egiteko. Erreportai hauek ere kanpoan egiten ditut. Egunean zehar argitasuna aldatzen doa, horregatik erreportaia goizean edo ilunabarrean egingo dugun aukeratu behar da zuen gustokoa izateko. Txikiak kalean aske sentitzen dira eta askoz ere expresiboagoak dira, gainera kaleak txoko gehiago&nbsp; eskeintzen dizkigu. Erreportaia egiten dugun bitartean txikiei [&hellip;]<\/p>\n","protected":false},"featured_media":4775,"template":"","class_list":["post-3763","fw-portfolio","type-fw-portfolio","status-publish","has-post-thumbnail","hentry","fw-portfolio-category-argazkilaria","fw-portfolio-category-erreportaiak","fw-portfolio-category-haurren-erreportaiak"],"yoast_head":"<!-- This site is optimized with the Yoast SEO plugin v24.0 - https:\/\/yoast.com\/wordpress\/plugins\/seo\/ -->\n<title>Fot\u00f3grafo infantil en Donostia Marian Etxebeste - Fotograf\u00eda de ni\u00f1os<\/title>\n<meta name=\"description\" content=\"Fot\u00f3grafo infantil en Donostia, Marian Etxebeste. Reportajes fotogr\u00e1ficos en Donostia y Gipuzkoa. Fotograf\u00eda de ni\u00f1os en exteriores.\" \/>\n<meta name=\"robots\" content=\"index, follow, max-snippet:-1, max-image-preview:large, max-video-preview:-1\" \/>\n<link rel=\"canonical\" href=\"https:\/\/marianetxebeste.com\/eu\/fotografo\/haurrak\/\" \/>\n<meta property=\"og:locale\" content=\"eu_ES\" \/>\n<meta property=\"og:type\" content=\"article\" \/>\n<meta property=\"og:title\" content=\"Fot\u00f3grafo infantil en Donostia Marian Etxebeste - Fotograf\u00eda de ni\u00f1os\" \/>\n<meta property=\"og:description\" content=\"Fot\u00f3grafo infantil en Donostia, Marian Etxebeste. Reportajes fotogr\u00e1ficos en Donostia y Gipuzkoa. Fotograf\u00eda de ni\u00f1os en exteriores.\" \/>\n<meta property=\"og:url\" content=\"https:\/\/marianetxebeste.com\/eu\/fotografo\/haurrak\/\" \/>\n<meta property=\"og:site_name\" content=\"Marian Etxebeste\" \/>\n<meta property=\"article:modified_time\" content=\"2021-11-07T13:48:36+00:00\" \/>\n<meta property=\"og:image\" content=\"https:\/\/marianetxebeste.com\/wp-content\/uploads\/2019\/08\/reportaje-infantil-exterior-27.jpg\" \/>\n\t<meta property=\"og:image:width\" content=\"1000\" \/>\n\t<meta property=\"og:image:height\" content=\"667\" \/>\n\t<meta property=\"og:image:type\" content=\"image\/jpeg\" \/>\n<meta name=\"twitter:card\" content=\"summary_large_image\" \/>\n<meta name=\"twitter:label1\" content=\"Est. reading time\" \/>\n\t<meta name=\"twitter:data1\" content=\"1 minute\" \/>\n<script type=\"application\/ld+json\" class=\"yoast-schema-graph\">{\"@context\":\"https:\/\/schema.org\",\"@graph\":[{\"@type\":\"WebPage\",\"@id\":\"https:\/\/marianetxebeste.com\/eu\/fotografo\/haurrak\/\",\"url\":\"https:\/\/marianetxebeste.com\/eu\/fotografo\/haurrak\/\",\"name\":\"Fot\u00f3grafo infantil en Donostia Marian Etxebeste - Fotograf\u00eda de ni\u00f1os\",\"isPartOf\":{\"@id\":\"https:\/\/marianetxebeste.com\/eu\/#website\"},\"primaryImageOfPage\":{\"@id\":\"https:\/\/marianetxebeste.com\/eu\/fotografo\/haurrak\/#primaryimage\"},\"image\":{\"@id\":\"https:\/\/marianetxebeste.com\/eu\/fotografo\/haurrak\/#primaryimage\"},\"thumbnailUrl\":\"https:\/\/marianetxebeste.com\/wp-content\/uploads\/2019\/08\/reportaje-infantil-exterior-27.jpg\",\"datePublished\":\"2016-04-22T18:00:27+00:00\",\"dateModified\":\"2021-11-07T13:48:36+00:00\",\"description\":\"Fot\u00f3grafo infantil en Donostia, Marian Etxebeste. Reportajes fotogr\u00e1ficos en Donostia y Gipuzkoa. Fotograf\u00eda de ni\u00f1os en exteriores.\",\"breadcrumb\":{\"@id\":\"https:\/\/marianetxebeste.com\/eu\/fotografo\/haurrak\/#breadcrumb\"},\"inLanguage\":\"eu-ES\",\"potentialAction\":[{\"@type\":\"ReadAction\",\"target\":[\"https:\/\/marianetxebeste.com\/eu\/fotografo\/haurrak\/\"]}]},{\"@type\":\"ImageObject\",\"inLanguage\":\"eu-ES\",\"@id\":\"https:\/\/marianetxebeste.com\/eu\/fotografo\/haurrak\/#primaryimage\",\"url\":\"https:\/\/marianetxebeste.com\/wp-content\/uploads\/2019\/08\/reportaje-infantil-exterior-27.jpg\",\"contentUrl\":\"https:\/\/marianetxebeste.com\/wp-content\/uploads\/2019\/08\/reportaje-infantil-exterior-27.jpg\",\"width\":1000,\"height\":667,\"caption\":\"Reportaje infantil en exterior\"},{\"@type\":\"BreadcrumbList\",\"@id\":\"https:\/\/marianetxebeste.com\/eu\/fotografo\/haurrak\/#breadcrumb\",\"itemListElement\":[{\"@type\":\"ListItem\",\"position\":1,\"name\":\"Portada\",\"item\":\"https:\/\/marianetxebeste.com\/eu\/\"},{\"@type\":\"ListItem\",\"position\":2,\"name\":\"Projects\",\"item\":\"https:\/\/marianetxebeste.com\/eu\/fotografo\/\"},{\"@type\":\"ListItem\",\"position\":3,\"name\":\"Haurrak\"}]},{\"@type\":\"WebSite\",\"@id\":\"https:\/\/marianetxebeste.com\/eu\/#website\",\"url\":\"https:\/\/marianetxebeste.com\/eu\/\",\"name\":\"Marian Etxebeste\",\"description\":\"Fot\u00f3grafa en Donostia - Argazkilaria Donostian\",\"potentialAction\":[{\"@type\":\"SearchAction\",\"target\":{\"@type\":\"EntryPoint\",\"urlTemplate\":\"https:\/\/marianetxebeste.com\/eu\/?s={search_term_string}\"},\"query-input\":{\"@type\":\"PropertyValueSpecification\",\"valueRequired\":true,\"valueName\":\"search_term_string\"}}],\"inLanguage\":\"eu-ES\"}]}<\/script>\n<!-- \/ Yoast SEO plugin. -->","yoast_head_json":{"title":"Fot\u00f3grafo infantil en Donostia Marian Etxebeste - Fotograf\u00eda de ni\u00f1os","description":"Fot\u00f3grafo infantil en Donostia, Marian Etxebeste. Reportajes fotogr\u00e1ficos en Donostia y Gipuzkoa. Fotograf\u00eda de ni\u00f1os en exteriores.","robots":{"index":"index","follow":"follow","max-snippet":"max-snippet:-1","max-image-preview":"max-image-preview:large","max-video-preview":"max-video-preview:-1"},"canonical":"https:\/\/marianetxebeste.com\/eu\/fotografo\/haurrak\/","og_locale":"eu_ES","og_type":"article","og_title":"Fot\u00f3grafo infantil en Donostia Marian Etxebeste - Fotograf\u00eda de ni\u00f1os","og_description":"Fot\u00f3grafo infantil en Donostia, Marian Etxebeste. Reportajes fotogr\u00e1ficos en Donostia y Gipuzkoa. Fotograf\u00eda de ni\u00f1os en exteriores.","og_url":"https:\/\/marianetxebeste.com\/eu\/fotografo\/haurrak\/","og_site_name":"Marian Etxebeste","article_modified_time":"2021-11-07T13:48:36+00:00","og_image":[{"width":1000,"height":667,"url":"https:\/\/marianetxebeste.com\/wp-content\/uploads\/2019\/08\/reportaje-infantil-exterior-27.jpg","type":"image\/jpeg"}],"twitter_card":"summary_large_image","twitter_misc":{"Est. reading time":"1 minute"},"schema":{"@context":"https:\/\/schema.org","@graph":[{"@type":"WebPage","@id":"https:\/\/marianetxebeste.com\/eu\/fotografo\/haurrak\/","url":"https:\/\/marianetxebeste.com\/eu\/fotografo\/haurrak\/","name":"Fot\u00f3grafo infantil en Donostia Marian Etxebeste - Fotograf\u00eda de ni\u00f1os","isPartOf":{"@id":"https:\/\/marianetxebeste.com\/eu\/#website"},"primaryImageOfPage":{"@id":"https:\/\/marianetxebeste.com\/eu\/fotografo\/haurrak\/#primaryimage"},"image":{"@id":"https:\/\/marianetxebeste.com\/eu\/fotografo\/haurrak\/#primaryimage"},"thumbnailUrl":"https:\/\/marianetxebeste.com\/wp-content\/uploads\/2019\/08\/reportaje-infantil-exterior-27.jpg","datePublished":"2016-04-22T18:00:27+00:00","dateModified":"2021-11-07T13:48:36+00:00","description":"Fot\u00f3grafo infantil en Donostia, Marian Etxebeste. Reportajes fotogr\u00e1ficos en Donostia y Gipuzkoa. Fotograf\u00eda de ni\u00f1os en exteriores.","breadcrumb":{"@id":"https:\/\/marianetxebeste.com\/eu\/fotografo\/haurrak\/#breadcrumb"},"inLanguage":"eu-ES","potentialAction":[{"@type":"ReadAction","target":["https:\/\/marianetxebeste.com\/eu\/fotografo\/haurrak\/"]}]},{"@type":"ImageObject","inLanguage":"eu-ES","@id":"https:\/\/marianetxebeste.com\/eu\/fotografo\/haurrak\/#primaryimage","url":"https:\/\/marianetxebeste.com\/wp-content\/uploads\/2019\/08\/reportaje-infantil-exterior-27.jpg","contentUrl":"https:\/\/marianetxebeste.com\/wp-content\/uploads\/2019\/08\/reportaje-infantil-exterior-27.jpg","width":1000,"height":667,"caption":"Reportaje infantil en exterior"},{"@type":"BreadcrumbList","@id":"https:\/\/marianetxebeste.com\/eu\/fotografo\/haurrak\/#breadcrumb","itemListElement":[{"@type":"ListItem","position":1,"name":"Portada","item":"https:\/\/marianetxebeste.com\/eu\/"},{"@type":"ListItem","position":2,"name":"Projects","item":"https:\/\/marianetxebeste.com\/eu\/fotografo\/"},{"@type":"ListItem","position":3,"name":"Haurrak"}]},{"@type":"WebSite","@id":"https:\/\/marianetxebeste.com\/eu\/#website","url":"https:\/\/marianetxebeste.com\/eu\/","name":"Marian Etxebeste","description":"Fot\u00f3grafa en Donostia - Argazkilaria Donostian","potentialAction":[{"@type":"SearchAction","target":{"@type":"EntryPoint","urlTemplate":"https:\/\/marianetxebeste.com\/eu\/?s={search_term_string}"},"query-input":{"@type":"PropertyValueSpecification","valueRequired":true,"valueName":"search_term_string"}}],"inLanguage":"eu-ES"}]}},"_links":{"self":[{"href":"https:\/\/marianetxebeste.com\/eu\/wp-json\/wp\/v2\/fw-portfolio\/3763","targetHints":{"allow":["GET"]}}],"collection":[{"href":"https:\/\/marianetxebeste.com\/eu\/wp-json\/wp\/v2\/fw-portfolio"}],"about":[{"href":"https:\/\/marianetxebeste.com\/eu\/wp-json\/wp\/v2\/types\/fw-portfolio"}],"version-history":[{"count":3,"href":"https:\/\/marianetxebeste.com\/eu\/wp-json\/wp\/v2\/fw-portfolio\/3763\/revisions"}],"predecessor-version":[{"id":5969,"href":"https:\/\/marianetxebeste.com\/eu\/wp-json\/wp\/v2\/fw-portfolio\/3763\/revisions\/5969"}],"wp:featuredmedia":[{"embeddable":true,"href":"https:\/\/marianetxebeste.com\/eu\/wp-json\/wp\/v2\/media\/4775"}],"wp:attachment":[{"href":"https:\/\/marianetxebeste.com\/eu\/wp-json\/wp\/v2\/media?parent=3763"}],"curies":[{"name":"wp","href":"https:\/\/api.w.org\/{rel}","templated":true}]}}

<!-- This site is optimized with the Yoast SEO plugin v24.0 - https://yoast.com/wordpress/plugins/seo/ -->
<title>Fotógrafo infantil en Donostia Marian Etxebeste - Fotografía de niños</title>
<meta name="description" content="Fotógrafo infantil en Donostia, Marian Etxebeste. Reportajes fotográficos en Donostia y Gipuzkoa. Fotografía de niños en exteriores." />
<meta name="robots" content="index, follow, max-snippet:-1, max-image-preview:large, max-video-preview:-1" />
<link rel="canonical" href="https://marianetxebeste.com/eu/fotografo/haurrak/" />
<meta property="og:locale" content="eu_ES" />
<meta property="og:type" content="article" />
<meta property="og:title" content="Fotógrafo infantil en Donostia Marian Etxebeste - Fotografía de niños" />
<meta property="og:description" content="Fotógrafo infantil en Donostia, Marian Etxebeste. Reportajes fotográficos en Donostia y Gipuzkoa. Fotografía de niños en exteriores." />
<meta property="og:url" content="https://marianetxebeste.com/eu/fotografo/haurrak/" />
<meta property="og:site_name" content="Marian Etxebeste" />
<meta property="article:modified_time" content="2021-11-07T13:48:36+00:00" />
<meta property="og:image" content="https://marianetxebeste.com/wp-content/uploads/2019/08/reportaje-infantil-exterior-27.jpg" />
	<meta property="og:image:width" content="1000" />
	<meta property="og:image:height" content="667" />
	<meta property="og:image:type" content="image/jpeg" />
<meta name="twitter:card" content="summary_large_image" />
<meta name="twitter:label1" content="Est. reading time" />
	<meta name="twitter:data1" content="1 minute" />
<script type="application/ld+json" class="yoast-schema-graph">{"@context":"https://schema.org","@graph":[{"@type":"WebPage","@id":"https://marianetxebeste.com/eu/fotografo/haurrak/","url":"https://marianetxebeste.com/eu/fotografo/haurrak/","name":"Fotógrafo infantil en Donostia Marian Etxebeste - Fotografía de niños","isPartOf":{"@id":"https://marianetxebeste.com/eu/#website"},"primaryImageOfPage":{"@id":"https://marianetxebeste.com/eu/fotografo/haurrak/#primaryimage"},"image":{"@id":"https://marianetxebeste.com/eu/fotografo/haurrak/#primaryimage"},"thumbnailUrl":"https://marianetxebeste.com/wp-content/uploads/2019/08/reportaje-infantil-exterior-27.jpg","datePublished":"2016-04-22T18:00:27+00:00","dateModified":"2021-11-07T13:48:36+00:00","description":"Fotógrafo infantil en Donostia, Marian Etxebeste. Reportajes fotográficos en Donostia y Gipuzkoa. Fotografía de niños en exteriores.","breadcrumb":{"@id":"https://marianetxebeste.com/eu/fotografo/haurrak/#breadcrumb"},"inLanguage":"eu-ES","potentialAction":[{"@type":"ReadAction","target":["https://marianetxebeste.com/eu/fotografo/haurrak/"]}]},{"@type":"ImageObject","inLanguage":"eu-ES","@id":"https://marianetxebeste.com/eu/fotografo/haurrak/#primaryimage","url":"https://marianetxebeste.com/wp-content/uploads/2019/08/reportaje-infantil-exterior-27.jpg","contentUrl":"https://marianetxebeste.com/wp-content/uploads/2019/08/reportaje-infantil-exterior-27.jpg","width":1000,"height":667,"caption":"Reportaje infantil en exterior"},{"@type":"BreadcrumbList","@id":"https://marianetxebeste.com/eu/fotografo/haurrak/#breadcrumb","itemListElement":[{"@type":"ListItem","position":1,"name":"Portada","item":"https://marianetxebeste.com/eu/"},{"@type":"ListItem","position":2,"name":"Projects","item":"https://marianetxebeste.com/eu/fotografo/"},{"@type":"ListItem","position":3,"name":"Haurrak"}]},{"@type":"WebSite","@id":"https://marianetxebeste.com/eu/#website","url":"https://marianetxebeste.com/eu/","name":"Marian Etxebeste","description":"Fotógrafa en Donostia - Argazkilaria Donostian","potentialAction":[{"@type":"SearchAction","target":{"@type":"EntryPoint","urlTemplate":"https://marianetxebeste.com/eu/?s={search_term_string}"},"query-input":{"@type":"PropertyValueSpecification","valueRequired":true,"valueName":"search_term_string"}}],"inLanguage":"eu-ES"}]}</script>
<!-- / Yoast SEO plugin. -->

Fotógrafo infantil en Donostia Marian Etxebeste - Fotografía de niños

Fotógrafo infantil en Donostia, Marian Etxebeste. Reportajes fotográficos en Donostia y Gipuzkoa. Fotografía de niños en exteriores.

Fotógrafa en Donostia - Argazkilaria Donostian
